ppose -18*a - 3270 + 32718 = 0. List the prime factors of a.
2, 409
Suppose -o - o + 2*l + 348 = 0, 697 = 4*o - 3*l. Let w(i) = -2*i**3 + 7*i**2 - i - 6. Let k be w(5). Let p = o + k. List the prime factors of p.
89
Let l(o) = -2*o - 10. Let s be l(-7). Let x be (s/6)/(2/(-6)). List the prime factors of -3*(-22)/2 - x.
5, 7
Let m(d) = 2*d**2 - 11*d + 7. Suppose -3 = 4*s + 1. Let n(a) = -a**2. Let g(k) = s*n(k) - m(k). What are the prime factors of g(9)?
11
Let q = 1133 - 3423. List the prime factors of (17/85)/((-2)/q).
229
Suppose -3*u + 869 = 752. Suppose 35*r - u*r + 632 = 0. What are the prime factors of r?
2, 79
Let r be 5*(2 - 5)/(-3). Suppose -14*v - r*v = -3667. What are the prime factors of v?
193
Let h = 106 + -130. Let a = h + 253. List the prime factors of a.
229
Suppose -3*g = -4*b - 26464, 2*g + 8*b - 17642 = 11*b. What are the prime factors of g?
2, 1103
Let y(u) = -4*u + 1. Let r be y(-1). Suppose 0*k - r*k - 20 = 0, -3*b + 4*k = -31. Suppose 0 = -b*f + 511 - 66. List the prime factors of f.
89
Suppose 93 = -2*i + 341. Let u be 1 + (-8)/(-12)*3. Suppose 2*y - 3*t - i = 0, 0 = u*y - 6*t + t - 186. What are the prime factors of y?
2, 31
Let t(i) = -176*i - 96. Let y(u) = -3. Let k(o) = -t(o) - 10*y(o). List the prime factors of k(5).
2, 503
Suppose 5464*y - 5444*y = 44020. What are the prime factors of y?
31, 71
Let d(y) = -y**3 - 29*y**2 - 38*y - 768. What are the prime factors of d(-36)?
2, 3, 13, 31
Suppose -48*m + 825 = -43*m. Suppose 4*n = c - 1078, -2*c + 702 + 1448 = -5*n. Suppose 5*i - c = -m. What are the prime factors of i?
181
Let o be -585 + ((-54)/(-30) - (-1)/5). Let q = o - -1076. List the prime factors of q.
17, 29
Let f = -5712 - -17162. List the prime factors of f.
2, 5, 229
Let g = 408 + 152. Suppose 10*f - g = 5250. What are the prime factors of f?
7, 83
Let g be 619/4 + (-4)/(-16). Let o = -710 + 805. Let z = g - o. List the prime factors of z.
2, 3, 5
Let k(g) = 20*g + 203. Let v be k(-10). Suppose v*y - 1287 = -3*j, -6*j + 6 = -8*j. What are the prime factors of y?
2, 3
Suppose -17*y + 587618 + 190049 - 31826 = 0. List the prime factors of y.
73, 601
Let n = 175 - 401. Let l = 275 - n. List the prime factors of l.
3, 167
Suppose -23*t - 18*t = -10*t - 901232. List the prime factors of t.
2, 23, 79
Suppose -2*m - 9 = 3*p - 1775, 5*p = -4*m + 3532. Suppose 0 = n - 0*n - 4*v - 226, -4*n + m = 5*v. Suppose 3*h = h + n. What are the prime factors of h?
3, 37
Suppose 3*f + 0*f = -4*t - 5402, 0 = -t + f - 1354. Let u be (-9)/(-27) + (-8)/6. List the prime factors of t/13*u/2*1.
2, 13
Let k = -8632 + 12235. Let l = k + -2403. Suppose 3*d + l = 8*d. List the prime factors of d.
2, 3, 5
Let k(b) = -b**3 - b**2 + 2*b + 4. Let u be k(-3). Let t(p) = -13 - 10 + u + 5*p. List the prime factors of t(8).
3, 11
Let s(p) = p**3 + p - 4. Let m be s(2). Suppose -3 = -3*v, -m*r - 2*v = -4*r - 14. Suppose -21*y = -24*y + r. What are the prime factors of y?
2
Let m be -3*(-5 - (-5 - 132/(-18))). Suppose -23548 = -m*v + 5580. List the prime factors of v.
2, 331
Let w = 3 - -1. Suppose -3*l = -2*l + 549. What are the prime factors of l/(-18) - (-2)/w?
31
Suppose 31*m = 1507766 + 215059. List the prime factors of m.
3, 5, 13, 19
Let f = -42 + 58. Suppose 0 = -4*u + f. Suppose u*y = -0*y + 156. What are the prime factors of y?
3, 13
Let q = 203500 + -142145. What are the prime factors of q?
5, 7, 1753
Suppose -21286 = -2*u - 4*a, -749*a + 31953 = 3*u - 751*a. List the prime factors of u.
23, 463
What are the prime factors of (-712725)/(-30) - 210/(-60)?
23761
Suppose 0 = -94*c - 95*c + 184*c + 9295. List the prime factors of c.
11, 13
Suppose -12*r = -2*y - 17*r - 11, -5*y - 5*r - 5 = 0. Suppose -4*k + 666 = -494. Suppose -4*l + y*t + k = 0, -2*t + 0*t + 10 = 0. List the prime factors of l.
3, 5
Let q = -807 + 4633. List the prime factors of q.
2, 1913
Let f(b) = 128*b - 86. What are the prime factors of f(83)?
2, 11, 479
Suppose 0 = 5*t - 5*r - 141140, -t = -65*r + 69*r - 28218. What are the prime factors of t?
2, 11, 1283
Let f be 9/2 - (54/(-12))/9. Suppose 3*r + 2952 = f*i, 4*i - 5*r - 2136 = 236. What are the prime factors of i?
2, 3, 7
Suppose 11*b = -72*b + 222606. What are the prime factors of b?
2, 3, 149
Let v(y) = y**3 + 77*y**2 - 13*y - 14. Let m(q) = 38*q**2 - 7*q - 7. Let n(u) = 5*m(u) - 3*v(u). List the prime factors of n(-15).
7, 11
Let c be 52/9 + 10/45 + 4. Suppose -c*v + 511 = -69. List the prime factors of v.
2, 29
Let s(a) = -337*a**3 + 26*a**2 + 15*a + 17. What are the prime factors of s(-4)?
37, 593
Suppose -z = -36355 - 9745. Suppose 21*f + 14873 = z. What are the prime factors of f?
1487
Let s = 76 + -47. Suppose 2*x + 810 = -3*x. Let b = s - x. What are the prime factors of b?
191
Let s be (-21)/(-9) + (-4)/3 + -57. Let n = s + 51. List the prime factors of (4/n)/((-10)/1450).
2, 29
Let b(j) = -81*j + 13. Suppose 33 = -5*v + 13. List the prime factors of b(v).
337
Let m = 26 + -23. Suppose m*v - 8 = -23. List the prime factors of -3*v/((-30)/(-124)).
2, 31
Let c be ((-3)/2)/((-24)/(-160)). Let p(d) = d**3 + 15*d**2 + 23*d + 3. List the prime factors of p(c).
3, 7, 13
Let u(d) = 1148*d**2 + 84*d - 422. What are the prime factors of u(6)?
2, 5, 41, 101
Let a be 3/2*(-712)/(-6). Let r = -338 + 229. Let b = a + r. What are the prime factors of b?
3, 23
Let s(w) = -w**3 + 11*w**2 - 15*w + 51. Let v be s(10). What are the prime factors of ((-170)/30)/(v/(-69))?
17, 23
Suppose 120 + 34 = -14*i. What are the prime factors of (i/(110/(-12)))/((-12)/(-2200))?
2, 5, 11
Let i = -149 + 154. Suppose -h = i*h - 3798. List the prime factors of h.
3, 211
List the prime factors of 3/(-9)*-6 - 1491876/(-58).
2, 59, 109
Suppose -111*k + 115*k = -3*a + 182287, -5*k + 227865 = 5*a. List the prime factors of k.
2, 89
List the prime factors of 40501 - ((3 - 3)/2 + 11).
2, 5, 4049
Let h be (4 - (-7)/(-1)) + (10 - 1). Suppose 257 = 4*l + 3*a, -5*a + h*a = 3. What are the prime factors of 2 + 0 + 0 - (3 - l)?
61
Let p(t) be the first derivative of t**4/2 - 20*t**3/3 - 23*t**2/2 + 8*t + 5. List the prime factors of p(12).
2, 7, 11
Let z = 1 - -12. Let w = z + -9. Suppose 5*a = -c + 33, 4*a - 18 - 2 = -w*c. List the prime factors of a.
7
Let l = -51 - -53. Suppose -1165 = -3*b - 424. Suppose c - l*p - b = -0*c, 2*p + 10 = 0. List the prime factors of c.
3, 79
Let p be 26/156 + (-495371)/(-6). Suppose -49*g = -6226 - p. What are the prime factors of g?
2, 3, 151
Suppose 0 = -19*g - 16016 - 8456. Let r be g/(-4) + 3/(-3). Let o = r - 167. What are the prime factors of o?
2, 7, 11
What are the prime factors of ((-90092)/(-1338))/((-2)/(-1812))?
2, 101, 151
Let c(m) = -35*m + 71. Suppose 0 = -7*t + 20*t + 169. List the prime factors of c(t).
2, 263
Let m = -2180 + 3099. Let j = -649 + m. List the prime factors of j.
2, 3, 5
Let v be (6 - 8)/((-2)/108). Suppose 4*n - v = n. What are the prime factors of (-2 + (-66)/(-9))/(8/n)?
2, 3
Let f(u) = -5*u - 8 + u - 5 + 30 + 45*u**2. List the prime factors of f(-3).
2, 7, 31
What are the prime factors of 4440/(-666) - (-215020)/6?
2, 5, 3583
Let l(c) = c + 14. Let b be l(-5). Suppose b*w - 16 = 5*w. Suppose -4*z - 368 = -4*t, 0*t - 4*z = w*t - 336. List the prime factors of t.
2, 11
Suppose -5*x - 5 = 0, -5*a - x + 562 = 38. Let r = a + 197. What are the prime factors of r?
2, 151
Let y be (13 - 5)*5/20. Suppose 2*u - 2*z + 416 = 2646, -u - y*z + 1106 = 0. List the prime factors of u.
2, 139
Suppose 133*l + 5*b = 135*l - 7599, -l + 3832 = 4*b. List the prime factors of l.
2, 953
Let j(f) = 136*f**3 + f**2 - 3*f + 1. Let z(c) = -c**2 + 6*c - 7. Let a be z(2). Let l be j(a). Suppose i = 6*i - l. List the prime factors of i.
3
Let j(x) = -56*x**3 - 3*x**2 + 6*x + 49. Let l be j(-6). Suppose -44*a + l + 16335 = 0. List the prime factors of a.
2, 7, 23
Let r(f) be the second derivative of f**5/20 + 17*f**4/12 + 8*f**3/3 + 4*f**2 - 10*f + 4. What are the prime factors of r(-13)?
2, 7, 17
Suppose -12*j + 9144 = -10*j + 16*j. List the prime factors of j.
2, 127
Let h be (5/(-2))/(17/(-34)). Suppose 0 = -5*x - g - 70, -h*x = -3*x - 3*g + 45. Let u(f) = -f**3 - 15*f**2 - 10*f - 16. What are the prime factors of u(x)?
2, 67
Suppose 0*x - x = b, 5*x = 0. Suppose 2*w + z = 3*z, 3*z - 12 = b. Suppose r + 318